-87
What is 4 - (11 - (-9 - (-3 + 25 + -8 + -7)))?
-23
What is the value of 1 - ((6 - 3) + (21 - 81))?
58
Calculate 224 + -181 + 2 + -20 + -32.
-7
Calculate 0 - -4 - (7 + 0 + 54 + -12 + -1).
-44
1 - (-2 + 5) - -56 - (1861 - 1862)
55
Evaluate 15 - 6 - ((10 + -15 - (18 - -4)) + -3).
39
What is the value of 19 + -13 - -14 - 39 - (-5 - -4)?
-18
Calculate (4 - 26) + (-1105 - -1050).
-77
Evaluate -31 + 1 + 3 + 14 + -53.
-66
Calculate (6 - (-44 + 42)) + -72.
-64
What is -16 + 5 - (12 - 31) - (-3 + 3 + -2)?
10
What is the value of 7 + (20 - (-37 - -49))?
15
Evaluate 68 - (-42 + 34 + -2 - -17).
61
Evaluate (118 - 52) + 4 + -42 - 135.
-107
Evaluate -17 + 35 + -8 - -14 - 22.
2
Evaluate -27 - -18 - ((31 - 61) + (1 - 6)).
26
Evaluate 31 - (2 - 0 - (-95 - -102 - 11)).
25
What is the value of 0 - (46 + (-22 - (11 - 29)))?
-42
-13 + ((17 - 34) + 1 - -22)
-7
-82 + -5 - (-12 - -51 - 43)
-83
Calculate 588 + -586 + (-72 + 4 - -2).
-64
What is the value of (-101 - -131) + -89 + 10?
-49
Calculate (-14 - (26 - 18)) + -80.
-102
-588 + 560 - (-62 - -4 - -3)
27
Calculate 33 - ((-39 - -70) + -7 - 38).
47
Evaluate 0 - -1 - (6 + -11 + -3 + 62).
-53
What is the value of 94 - (27 - (5 - 47 - -43))?
68
4 - (-42 - 1 - ((16 + -13 - -12) + -4))
58
Calculate (-23 - (11 + 6 - 24)) + -3 + 13.
-6
What is the value of (-15 - (-4 + 6)) + 134 - (-4 + 7 + 6)?
108
What is -64 + 1 + -1 - (-12809 + 12783)?
-38
Calculate -28 - (-31 + 36 + -20 - 3 - -18).
-28
-8 + (1 + -9 - -4 - (-24 + 11 - -29))
-28
What is the value of -34 - (-25 + -42 + 21)?
12
-25 - -66 - 0 - (1 + (-4 - -3))
41
What is the value of (1 - -3) + 39 + (-4 - -1 - (-31 + 39))?
32
What is the value of -4 + (0 + -6 + 36 + -26 - 3)?
-3
Evaluate (-7 - -1 - 2) + (87 + 5 - (1 + 4)).
79
What is the value of (22 - (0 + (3 - -11 - 22))) + 4 + 2?
36
What is ((3 + 9 - -3) + -5 - 0) + (-44 - -60)?
26
What is the value of (1 - -27 - (0 + 3)) + -533 + 551?
43
Calculate -56 + 102 + 1 + 58.
105
Evaluate -38 + 52 + (2 - 10) - 5.
1
Calculate (36 - -18 - 44) + -2 + -4 + 19 + -6.
17
3 - (-3 + 10) - (0 - 1 - -18) - -6
-15
Evaluate 0 - (2 + -11) - (-458 - -449).
18
1 + 23 - (-15 + -1 + 51 + -61)
50
(22 - 35) + -11 - (15 + -11 + -4)
-24
Calculate -61 + (3 - 94) + 125.
-27
(26 - (142 - 164)) + -7 + -2 + 4
43
(-17 - (-2 + 0)) + -93 + 281 + -170
3
Calculate -19 + 114 + (-44 - -10) + 18 + 24.
103
(11 - 11 - -22 - 14) + 16
24
What is 34 + -27 + 17 + (24 - -4)?
52
Evaluate 671 + -651 + -2 + -31.
-13
Calculate -127 + 247 + -70 - (-8 + 2 + -1 + 0).
57
What is the value of 84 + 38 + -215 + 35?
-58
-3 + 1 + -25 + 74 + (-14 - 60)
-27
Calculate -17 - -12 - 0 - 3 - (50 + 57).
-115
-6 + 18 + 1 - ((-32 - -17) + 20)
8
Evaluate -15 + 12 + 437 + -504.
-70
What is the value of (-8 - -1) + (-8 + -5 - -11) - (-72 + 19)?
44
Calculate 6 + (-15 - (-8 + 4 + -6)) - -3.
4
Evaluate -721 + 782 + 3 + 0 + -13.
51
9 - (2 + -20 + 62 + -18)
-17
(3 - -19) + (-4 + 5 - 11)
12
1 - 12 - (2 + 12 + (-29 - (-41 + 14)))
-23
Evaluate 8 - (38 - 24 - -76) - -21.
-61
What is -45 + 16 + (-14 + -15 - 9)?
-67
Evaluate -23 + (6 - 3) - (5 + -27 - -11).
-9
(-2 + -13 - (-4 - 15)) + 9 + 32
45
1 - 15 - (-120 - (-24 + (30 - -16) + -25))
103
What is -25 + (-62 - (-114 - -58))?
-31
What is the value of 12 + 1 + (-140 + -61 - -150)?
-38
Calculate 14 + (-26 - (1 - 0)) + (3 - -51).
41
Calculate 2 - (-6 + (1 - -8) + -3) - (50 + 0).
-48
2 - (-67 + 1) - (-39 - (32 + (-7 - 71)))
61
What is the value of -40 - (-72 + 15 + 53)?
-36
What is the value of -81 - (-9 + 3 + -49)?
-26
9 + 9 + -55 + -11 + -5 + 32
-21
What is 15 + 1 - ((-16 - -6) + 15 - 3)?
14
Evaluate 104 + -138 - ((-4 - 4) + -2).
-24
What is -104 - -74 - -3 - (1 + 20)?
-48
Evaluate (15 - -37) + (-13 - 42).
-3
Evaluate 3 - -1 - (12 + -55 + 56).
-9
-83 - (-97 + 15 + 14)
-15
Evaluate (31 - -3) + (44 - 93 - -22).
7
Calculate -3 + -33 + -23 + 46 + -7.
-20
What is -14 - (-12 - 1) - (73 + -29)?
-45
18 + (-1 - ((3 - -14) + -9)) - (-122 - 7)
138
What is 6376 + -6393 + 1 + 45 + 2?
31
Calculate ((-5 - -8) + -136 - (59 - 48)) + 15.
-129
Calculate (36 - 10) + (-17 - (49 - 74)).
34
Evaluate 10 + -1 + 2 - (-4502 - -4563).
-50
What is (-322 + -12 - -383) + (-2 - (-1 + 0 - -2))?
46
What is 5027 + -5082 + (-1 - -13) + -5?
-48
Calculate -69 - -5 - (-67 + -26).
29
What is (16 - (-16 - -31) - -20) + -15?
6
Calculate -18 + 35 - -53 - 24.
46
Evaluate -3 - (19 + -73 + 5 + (-4 - -2)).
48
Evaluate (-42960 - -42957) + (1 - (2 - 81 - 1)).
78
Evaluate 12 + 9 + -47 + 2 + 6 + -5 + 4.
-19
What is the value of (-4 - (-4 - (-12 - -26 - 29))) + 25?
10
What is the value of (51 - 0) + -98 + 118 + -2 + -31 + 5?
43
What is 51 - ((162 - 118) + 11)?
-4
What is the value of 1 + 30 - (1811 + -1718)?
-62
(7 + -1 - (18 + -15) - -6) + 4
13
Calculate (1 - 7) + -50 + 83 - 113.
-86
Calculate (-1 - (1 - 5 - 3)) + (125 - 49).
82
Calculate 25 + (-84 - -71) - (-4 + -1 - 0).
17
Calculate -29 - -38 - (-39 + 20 + 23).
5
Calculate -6 + (-15 - (-23 - 10)).
12
What is the value of -19 - (8 + (-44 - 5))?
22
Calculate 11 + (-3 - 22) - (-15 + -1).
2
-9 + (-30 - (20 - -24)) - 18
-101
What is the value of -6672 + 6780 + (-1 - 114)?
-7
Calculate 8 + 17 + -15 - (-34 + 1 - 0) - -7.
50
1 + 14 + (0 + (10 - 86) - 7 - 0)
-68
Evaluate (25 - (77 - 5)) + -18 - 47.
-112
Evaluate -12 + -7 + 44 + -76.
-51
Evaluate 2 + -1 + -10 - (-6 + 5 + 9 - 0).
-17
Evaluate -914 - -804 - (7 - 199).
82
(36 - (-49 - -30)) + -44
11
(-34 - -11 - -22) + (-17 - (-2 + 4 + -7))
-13
What is the value of 99 + -1 + (30 - (-49 + 6 + 60))?
111
Evaluate -40 + -45 + 117 + -28 + 0.
4
-3 - -46 - (-662 - -709)
-4
Evaluate (0 - -11 - ((-6 - (-15 - 14)) + -22)) + -30.
-20
What is the value of -1 - (3 + -7) - (-12 + (-11 - -12) - -14)?
0
What is the value of (12 - 4) + (45 - 35) + 17?
35
What is the value of -19 + (-57 - (-4 - 33))?
-39
What is the value of 38 + (-22 - -14) - 71?
-41
Evaluate (0 - -111) + 262 + -294.
79
Calculate 4 + (-4 + (1 - 2) - -4) + -97 + 4.
-90
Calculate 47 + (-8 - (-13 - -9 - (1 + -2))) - -7.
49
What is the value of -66 + 1 - ((4 - (3 + (2 - -8))) + 1)?
-57
What is the value of -70 - (1 - (-23 + 52))?
-42
What is the value of (1 - 9 - -83) + (-26 + 5 - 4 - -13)?
63
Evaluate 59 - ((6 - 6) + 23) - 4.
32
Evaluate (-10 - 1) + -10 + 8 - 7 - 1.
-21
Calculate (-6 - (-61 + -7 + 13)) + -147 + 163.
65
What is 7 + 10 + -17 - (7 + (-2 - 47 - 7))?
49
Calculate 111 + (-36 - (-40 - -19)) + (-2 - (-12 - -4)).
102
Evaluate 2217 + -2394 + (3 - -66).
-108
What is the value of -52 + 10 + (-15 - 1 - (-25 - -37 - 18))?
-52
What is the value of -4 + -71 + -1552 + 1610?
-17
Calculate -114 + (-213 - -321) - (1 - (-8 - 1)).
-16
Calculate (17 - (10 + (15 + -21 - 3))) + -122.
-106
Evaluate 55 + -39 - (-6 + 9 - 30).
43
What is 23 + -7 + -43 + (21 - 11)?
-17
Calculate -1 + -2 + (11 - 91) - (36 + -56).
-63
What is the value of (12 - (31 + -7) - -34 - 18) + -4 + -2?
-2
What is the value of -6 + 0 + 51 + -2 - ((2 - -5) + 1)?
35
What is the value of (-7 - -18 - (-11 - -4)) + 86 + -88?
16
-23 - -7 - -12 - (30 - 19)
-15
2 + -12 + (-126 - -138) + (-8 - -1)
-5
What is the value of 4 + -25 - 0 - (79 - (129 + -40))?
-11
Calculate -10 + (8 - 8) - (-16 - ((8 - 9) + -12)).
-7
What is 13 + 4 + -7 + (-20 - -6) + 70 + -3?
63
What is the value of (6 - 8 - 49) + -40 + 0 + 30?
-61
Calculate 10 - (-15 + -8 + 11 + (19 - 3)).
6
(42 - 51 - 62) + 46
-25
What is the value of 19 - (26 - (24 + -28 + (2 - -14)))?
5
Evaluate -107 + (144 - -47) - 181.
-97
Evaluate 1 + -2 + (-3 - -3) + -493 + 504.
10
-2 - ((-137 - -111) + 118)
-94
Calculate 148 - (-47 + 60) - 201.
-66
Evaluate -18 + (-21 + 26 - 31 - 14).
-58
What is the value of (12 - 92) + (-10 - -26) + 2 + -4?
-66
26 + -41 - (2 - (7 - -1 - 10))
-19
-15 - -20 - ((41 - 63 - -11) + 1 + 6)
9
142 + (-44 + 124 - 146)
76
Calculate -167 + 168 - (27 + 1).
-27
70 + (-57 - 12 - -55)
56
What is (104 - (108 - 0)) + (2 - (48 - 2)) + -3?
-51
What is the value of -4 + (-79 - -1) + (4420 - 4410)?
-72
What is the value of -7114 + 7057 + 1 + -59?
-115
What is (35 - -3) + -37 + (-1 + -2 - -4) + 10?
12
Calculate 0 - -36 - (121 + -121) - (-2 + 3 - 3).
38
What is -27 + -11 - (4 + 2) - ((-22 - -36) + -2)?
-56
What is -153 - (-29 + (-38 - 89))?
3
What is the value of 25 - ((55 - 12) + 21)?
-39
What is 8 + 16 - 4 - (-11 + -28)?
59
Calculate (0 - 18) + (62 - -50) + -54.
4